(w) - 5*m(w). Determine l(-3).
-10
Let f(d) = 14*d + 10*d**2 - 11*d**2 - 15*d. Determine f(-1).
0
Let w(s) = 18*s - 2 + 17*s - 38*s. What is w(-3)?
7
Suppose 2*a - 4*a - 10 = 0. Let i(u) be the second derivative of -u**5/20 - u**4/3 + 2*u**3/3 + u**2/2 - 3*u. Determine i(a).
6
Let l(f) = -f**2 + 0*f**3 + 0 + 6*f**3 + 1. Suppose 0 = 2*j - 4*k - 6, -4*j + 0*j - 14 = 5*k. Let n be l(j). Let h(r) = -r**3 - 6*r**2 - r - 3. Give h(n).
3
Let a(q) = -q**2 + 5*q + 43. Let l be a(9). Let u(p) = p - 6. Calculate u(l).
1
Let p(c) = 0*c**3 + 9*c**3 - 4*c**3 - 4*c**3. Determine p(-1).
-1
Let f(c) = c. Let o be f(-4). Let l(r) be the second derivative of -r + 0 - 1/2*r**2 + 1/6*r**3. Calculate l(o).
-5
Let t(m) = -11*m. Let v be t(-1). Suppose 2*f - v = -3*w, 0*f - 5*f - w - 5 = 0. Let j(r) = -3*r + 1. Determine j(f).
7
Let c(p) be the second derivative of -9*p + 14*p**2 + 8*p**2 - 21*p**2 + p**3. What is c(-2)?
-10
Let j(q) = q + 12. Let k = 39 + -49. What is j(k)?
2
Let i(m) = -3*m + 4. Let d(k) = -k**2 - 7*k - 2. Suppose -24 = -0*y + 4*y. Let j be d(y). Suppose 0*z = 4*z - j*r, -5*z = -4*r - 4. Calculate i(z).
-8
Let z = 24 + -24. Let q(d) = 8*d**2 - 41. Let y(g) = -3*g**2 + 14. Let u = -10 + 6. Let a(i) = u*q(i) - 11*y(i). Calculate a(z).
10
Let p(c) = -c**2 + 3*c - 3. Let r = 41 + -44. Determine p(r).
-21
Suppose -2*q = 3*j, -4*q - 4 = 4*j - 0*j. Let v(t) = t**3 - 4*t + 5*t**j - 3*t**2 + 1 + t**2. Suppose 4 = -r - 0*r. Give v(r).
1
Let y(q) be the first derivative of 2*q**4 + q + 1. Let g(c) = c + 11. Let r be g(-7). Suppose 0 = r*h - 2*h + 2. Determine y(h).
-7
Let w(s) = 2 + 11 - s - 8. Determine w(-6).
11
Let o(z) = -59*z - 51*z + 110*z + z**3 - 1 + 2*z**2. Give o(-1).
0
Let j(z) = -3*z**2 - 3*z - 1. Let n(b) = b**2 + b - 1. Let c = -9 + 3. Let m = c - -2. Let o(x) = m*n(x) - j(x). Give o(-4).
-7
Let p = -10 + 4. Let u(w) = -3*w - 9. What is u(p)?
9
Suppose 0 = 2*q - 2 - 2. Let l = -2 + 5. Let i(a) = -2*a**l + a + 2*a**q - 2*a - 3 + 4*a. Give i(2).
-5
Let z(k) = k**2 + 5*k + 6. Let v = 26 - 30. Calculate z(v).
2
Let x = -88 - -82. Let c(l) = -l**3 - 5*l**2 + 6*l - 4. What is c(x)?
-4
Let f(h) be the first derivative of h**7/840 + h**6/120 - h**5/40 - h**4/24 - 5*h**3/3 - 5. Let d(i) be the third derivative of f(i). Give d(-3).
8
Let l be ((-3)/(-6))/((-2)/20). Let h = -5 - l. Suppose -3*u - 21 = -5*q, 2*q + 4 = -5*u - h*q. Let m(v) = 2*v + 2. Calculate m(u).
-2
Let c(d) = d**2. Let b(n) = n**3 - n**2 + 3*n + 2. Let g(q) = b(q) + 6*c(q). Calculate g(-3).
11
Let r(f) = f + 1. Suppose -2*w + 3 + 1 = 0. What is r(w)?
3
Let n be 0 - -1*(3 + 2). Let x(p) = 4*p - 2. Let g(v) = -v - 2. Let w(l) = -2*g(l) - x(l). Calculate w(n).
-4
Suppose 10*d - 25 = 5*d. Let k(y) = -y + 1. Let x(q) = q**2 - 9*q + 9. Let g(l) = 2*k(l) - x(l). What is g(d)?
3
Let o(d) = -d - 2. Suppose n - 2*n = 4. Let m be (-6)/n*4/(-6). Determine o(m).
-1
Suppose -d - 4*d = 0. Suppose c = -5 - d. Let s(y) = -y**2 - 6*y - 2. Determine s(c).
3
Let s(q) = -q - 13. Suppose 3*p - 8*p - 4*a - 34 = 0, -5*p - 3*a = 33. Determine s(p).
-7
Let h(d) = d**3 + 4*d**2 - d + 1. Let g(z) = z + 11. Let q be g(-7). Let s = q - 8. What is h(s)?
5
Let f(k) = k**2 + 3 - 2*k**2 - 2. Let j = 12 + -7. Suppose 0*n + j*n + 15 = 0. Determine f(n).
-8
Let p(m) be the third derivative of m**6/120 + m**5/12 + m**4/8 + m**3/2 + 23*m**2. Calculate p(-4).
7
Let c = 7 + -1. Let f(i) = c - 6*i + 3*i + i**2 + 2*i - 1. Suppose 0 = 3*p - 2*z - 5 + 3, -2 = -p + 2*z. Calculate f(p).
5
Let b(i) = 0*i**3 - i + 2*i**3 + 4*i**2 - i**3. Let h = 11 + -15. What is b(h)?
4
Suppose -j + 3*j + 10 = 0. Let y(f) = 3*f - 10. Let m(h) = -5*h + 19. Let w(x) = 4*m(x) + 7*y(x). What is w(j)?
1
Let s = -8 + 7. Let j(l) = 8*l**2 - 1. Calculate j(s).
7
Let v = -8 - -7. Let i(o) = -2*o - 3*o**2 + o**2 + o. Give i(v).
-1
Let l(f) = 6*f**2 + 2*f - 1. Suppose 2*r + 2*u = 0, 0*u + 4*u = -3*r - 1. Calculate l(r).
7
Let s(y) = 3*y. Let g be s(1). Let f(l) = -4*l + l - l - l**g - 3 + 6*l**2. Give f(5).
2
Let l(v) = 2*v**3 + 5*v**2 + 3*v + 1. Let g = 89 - 92. What is l(g)?
-17
Let r(z) = -4*z**2 - 2*z - 1. Suppose 0*b + 110 = -5*b. Let y = b + 21. Calculate r(y).
-3
Let n(g) = -2*g**2 + 3*g - 3. Suppose 0 = -4*q + q + 15. Suppose -5*w + 2*w - q*v + 31 = 0, v - 15 = -5*w. Give n(w).
-5
Let o(p) = -p**2 + 10*p - 17. Let s be o(8). Let z(r) = r**3 - r**2 - r. Calculate z(s).
-1
Let g(b) be the second derivative of -b**5/60 - b**4/24 + b**3/6 - 2*b**2 - b. Let x(y) be the first derivative of g(y). Determine x(3).
-11
Let z(l) be the second derivative of -1/20*l**5 + 1/6*l**3 + 2*l - 1/4*l**4 + 0 - 2*l**2. Determine z(-3).
-7
Suppose 0*s - 12 = 3*t + s, -4*s + 12 = -3*t. Let o(i) = -i**2 - 4*i - 2. Determine o(t).
-2
Suppose 16 = 2*l + 2*l. Let w(g) = 4*g + 6*g**2 + 2*g**3 - 3*g - l*g**2 - 4*g**3. Calculate w(-1).
3
Let v(b) = b**3 + 8*b**2 + 5*b - 10. Let x be v(-7). Suppose -x*o + 29 = 5*f - 7*o, -4*f = 3*o - 7. Let s(g) = -2*g + 2 + 0*g + 1. Give s(f).
-5
Let k(z) = 11*z**2 - 11*z + 8. Let m(s) = 4*s**2 - 4*s + 3. Let x(c) = 3*k(c) - 8*m(c). Determine x(0).
0
Let a be 0*(1/(-2) + 1). Let x(o) = -3*o + 1 + 0 + a*o. Let w be (-7)/3 - (12/(-18))/2. What is x(w)?
7
Let t(o) = 4*o**2 + 12*o - 1. Let h be t(-5). Let x be 3/(h/15 + -2). Let y(u) = u**3 - 6*u**2 + 4*u + 2. Calculate y(x).
-3
Let r(m) = m**2 + 3*m - 1. Let q(f) be the second derivative of -f**5/20 - 3*f**4/4 - 4*f**3/3 - 5*f**2/2 - 6*f. Let s be q(-8). Give r(s).
9
Let s = -2 + -2. Let l(h) = -h**2 - 4*h + 3. Give l(s).
3
Let s(x) = x - 8. Let y(t) = -4*t + 40. Let j(g) = -14*s(g) - 3*y(g). Determine j(-6).
4
Let v(r) be the first derivative of -2*r**3/3 + 3*r**2/2 - r - 26. Suppose 5*f - f = -5*j + 30, 17 = -4*j + 5*f. Determine v(j).
-3
Suppose -3*x = 2*h - 7, 5*h = -2*x + x - 15. Let q(s) = 5*s + 3. Let w(f) = -f. Let o(l) = -q(l) - 6*w(l). Determine o(x).
2
Suppose -5*u = -2*u - 15. Let y(n) = 0*n**3 - n**3 + 86*n**2 - 169*n**2 + 6*n + 87*n**2 - 2. What is y(u)?
3
Let p(t) = -t**2 + t - 4. Suppose 0 = a + 5, 3*w - 2*a = -w + 10. Determine p(w).
-4
Let q(n) = -n**2 - 4*n - 1. Let f be 10/25 + (-44)/10. Calculate q(f).
-1
Let c(w) = w**3 + 2*w**2 - 2*w + 1. Let o = -3 - -1. Let a be -1 + (-1 - (-2)/o). Give c(a).
-2
Let l(t) = 2 - 3*t + t**3 + 0 - 3*t**2 - 1. Let m = -17 + 21. Determine l(m).
5
Let q = 1 + -5. Let u(n) = 4*n + 8. Let i(d) = -3*d - 7. Let k(b) = q*u(b) - 5*i(b). Calculate k(0).
3
Let q(k) = -k - 3. Let z be 4/26 - (-835)/65. Suppose 0 = -8*f + z*f. Give q(f).
-3
Suppose -2*t + 5*j + 4 + 14 = 0, -4*t = -5*j - 26. Suppose -t*k - 8 = 12. Let m(l) = -l - 1 - l + l. Calculate m(k).
4
Suppose 9 = -2*q - 3*b, -2*b - 6 = -5*q + q. Let w(z) = -z**2 - z + 8. Calculate w(q).
8
Let m(z) = 2*z + 19. Let j(f) = 3*f + 28. Let c(b) = 5*j(b) - 8*m(b). What is c(-6)?
-6
Let q(r) = -2*r**2 - 3*r + 2. Let v(k) = -4*k + 1. Suppose -i + 1 = -0*i. Let z be v(i). What is q(z)?
-7
Let v(m) = m**2 + 5*m - 5. Let x(q) = 1. Let z(d) = -v(d) + 3*x(d). Determine z(-6).
2
Let c(k) = 3*k**2 - 26*k - 8. Let p = -32 + 15. Let q(i) = i**2 - 9*i - 3. Let a = 19 + -13. Let w(n) = a*c(n) + p*q(n). Give w(2).
1
Let s(h) = 2*h - 3. Let c(n) = 6*n**2 - 3*n - 2. Let i be c(-1). Determine s(i).
11
Let q(h) = -h**2 + 7*h - 9. Let i be q(6). Let d(m) = -m - 7. Give d(i).
-4
Let s(d) = -d**3 + 4*d**2 + 4*d + 4. Suppose -4*n + 45 = 5*n. Determine s(n).
-1
Let c(w) be the third derivative of w**5/60 - 5*w**4/24 + 5*w**3/6 + 6*w**2. Give c(5).
5
Let m be ((-12)/(-4) - -1) + -1. Let a(d) = -d**2 + 2*d + 4. What is a(m)?
1
Let b(w) = -w**3 - 8*w**2 - 7*w + 1. Suppose 83 - 13 = -10*p. Give b(p).
1
Let c(w) = 3*w + 4. Suppose -l + 0*q - 2*q = 3, q - 9 = 3*l. Determine c(l).
-5
Let n(m) be the second derivative of -m**6/240 + m**5/120 + 5*m**4/12 + 2*m. Let a(i) be the third derivative of n(i). Determine a(-2).
7
Let b = -23 - -30. Let j(p) = -p**3 + 8*p**2 - 8*p + 9. Give j(b).
2
Suppose 2*k + 1 = -m, 26 = -m + 3*k + 5. Let w be 0 - 3/(m/6). Let n(o) = 3*o - 6. Let y(v) = -v + 1. Let p(f) = -n(f) - 4*y(f). Determine p(w).
4
Let v(g) = -8*g**2 + 2*g + 1. Let z(f) = -16*f**2 + 4*f + 2. Let c(s) = -7*v(s) + 3*z(s). Let r = -1 + 0. Determine c(r).
9
Let s(o) = o**2 + 4*o - 3. Let x = -3 - -6. Suppose x*k = k - 6. Let y = -1 + k. Give s